 are the prime factors of 4386?
2, 3, 17, 43
What are the prime factors of 80244?
2, 3, 743
List the prime factors of 2738.
2, 37
List the prime factors of 1458.
2, 3
List the prime factors of 61022.
2, 13, 2347
List the prime factors of 5961.
3, 1987
What are the prime factors of 7291?
23, 317
List the prime factors of 10933.
13, 29
List the prime factors of 852.
2, 3, 71
What are the prime factors of 1411?
17, 83
What are the prime factors of 3333?
3, 11, 101
List the prime factors of 2088.
2, 3, 29
List the prime factors of 5919.
3, 1973
What are the prime factors of 3359?
3359
List the prime factors of 772.
2, 193
List the prime factors of 55.
5, 11
List the prime factors of 9105.
3, 5, 607
List the prime factors of 11732.
2, 7, 419
What are the prime factors of 1720?
2, 5, 43
What are the prime factors of 14151?
3, 53, 89
List the prime factors of 11059.
11059
List the prime factors of 24692.
2, 6173
What are the prime factors of 20863?
31, 673
What are the prime factors of 99591?
3, 89, 373
What are the prime factors of 65027?
65027
What are the prime factors of 4568?
2, 571
What are the prime factors of 5652?
2, 3, 157
List the prime factors of 1150.
2, 5, 23
What are the prime factors of 1916?
2, 479
What are the prime factors of 2272?
2, 71
What are the prime factors of 2959?
11, 269
List the prime factors of 2759.
31, 89
List the prime factors of 375.
3, 5
What are the prime factors of 812?
2, 7, 29
List the prime factors of 59506.
2, 29753
What are the prime factors of 16272?
2, 3, 113
List the prime factors of 755.
5, 151
List the prime factors of 970.
2, 5, 97
What are the prime factors of 4231?
4231
What are the prime factors of 1895?
5, 379
What are the prime factors of 321?
3, 107
What are the prime factors of 1168?
2, 73
What are the prime factors of 22585?
5, 4517
What are the prime factors of 766?
2, 383
What are the prime factors of 86?
2, 43
List the prime factors of 11966.
2, 31, 193
What are the prime factors of 6330?
2, 3, 5, 211
List the prime factors of 4032.
2, 3, 7
List the prime factors of 24100.
2, 5, 241
What are the prime factors of 9495?
3, 5, 211
List the prime factors of 1471.
1471
What are the prime factors of 1919?
19, 101
What are the prime factors of 44382?
2, 3, 13, 569
What are the prime factors of 12940?
2, 5, 647
List the prime factors of 794.
2, 397
List the prime factors of 12846.
2, 3, 2141
What are the prime factors of 4469?
41, 109
List the prime factors of 11429.
11, 1039
What are the prime factors of 3083?
3083
What are the prime factors of 84039?
3, 109, 257
What are the prime factors of 119994?
2, 3, 7, 2857
List the prime factors of 37407.
3, 37, 337
What are the prime factors of 30640?
2, 5, 383
What are the prime factors of 2406?
2, 3, 401
List the prime factors of 121726.
2, 11, 503
List the prime factors of 132509.
13, 10193
List the prime factors of 676.
2, 13
List the prime factors of 3834.
2, 3, 71
List the prime factors of 6831.
3, 11, 23
What are the prime factors of 29107?
13, 2239
List the prime factors of 571.
571
What are the prime factors of 62881?
7, 13, 691
What are the prime factors of 50360?
2, 5, 1259
What are the prime factors of 2532?
2, 3, 211
List the prime factors of 28371.
3, 7, 193
What are the prime factors of 94724?
2, 7, 17, 199
List the prime factors of 15127.
7, 2161
List the prime factors of 13813.
19, 727
What are the prime factors of 4109?
7, 587
List the prime factors of 1449.
3, 7, 23
List the prime factors of 8365.
5, 7, 239
What are the prime factors of 5054?
2, 7, 19
What are the prime factors of 60?
2, 3, 5
List the prime factors of 86983.
13, 6691
What are the prime factors of 983?
983
What are the prime factors of 57934?
2, 83, 349
List the prime factors of 71891.
29, 37, 67
What are the prime factors of 24612?
2, 3, 7, 293
What are the prime factors of 128458?
2, 11, 5839
What are the prime factors of 1599?
3, 13, 41
List the prime factors of 1615.
5, 17, 19
What are the prime factors of 47225?
5, 1889
List the prime factors of 27666.
2, 3, 29, 53
What are the prime factors of 1547?
7, 13, 17
List the prime factors of 307.
307
List the prime factors of 2398.
2, 11, 109
List the prime factors of 1233.
3, 137
What are the prime factors of 19?
19
What are the prime factors of 349?
349
What are the prime factors of 42?
2, 3, 7
List the prime factors of 3364.
2, 29
List the prime factors of 9166.
2, 4583
What are the prime factors of 3622?
2, 1811
What are the prime factors of 7283?
7283
What are the prime factors of 7751?
23, 337
What are the prime factors of 7835?
5, 1567
What are the prime factors of 833?
7, 17
What are the prime factors of 1377?
3, 17
What are the prime factors of 102662?
2, 7, 7333
List the prime factors of 2986.
2, 1493
List the prime factors of 2672.
2, 167
List the prime factors of 18534.
2, 3, 3089
What are the prime factors of 178244?
2, 11, 4051
List the prime factors of 809.
809
List the prime factors of 3302.
2, 13, 127
What are the prime factors of 15195?
3, 5, 1013
List the prime factors of 113062.
2, 56531
What are the prime factors of 4948?
2, 1237
List the prime factors of 72749.
23, 3163
What are the prime factors of 469?
7, 67
What are the prime factors of 3815?
5, 7, 109
What are the prime factors of 915?
3, 5, 61
What are the prime factors of 4999?
4999
What are the prime factors of 1257?
3, 419
List the prime factors of 1374.
2, 3, 229
What are the prime factors of 71418?
2, 3, 11903
List the prime factors of 5038.
2, 11, 229
List the prime factors of 900.
2, 3, 5
What are the prime factors of 2779?
7, 397
What are the prime factors of 1316?
2, 7, 47
What are the prime factors of 10625?
5, 17
What are the prime factors of 1999?
1999
What are the prime factors of 3431?
47, 73
What are the prime factors of 27862?
2, 13931
List the prime factors of 233.
233
What are the prime factors of 35614?
2, 17807
List the prime factors of 11304.
2, 3, 157
List the prime factors of 383.
383
List the prime factors of 654.
2, 3, 109
What are the prime factors of 48873?
3, 11, 1481
List the prime factors of 17048.
2, 2131
List the prime factors of 1614.
2, 3, 269
What are the prime factors of 275?
5, 11
What are the prime factors of 87?
3, 29
List the prime factors of 13781.
13781
What are the prime factors of 6256?
2, 17, 23
List the prime factors of 8409.
3, 2803
What are the prime factors of 14711?
47, 313
What are the prime factors of 2047?
23, 89
List the prime factors of 11816.
2, 7, 211
What are the prime factors of 103536?
2, 3, 719
What are the prime factors of 20362?
2, 10181
What are the prime factors of 937?
937
What are the prime factors of 2395?
5, 479
What are the prime factors of 1080?
2, 3, 5
List the prime factors of 27807.
3, 13, 23, 31
What are the prime factors of 338?
2, 13
What are the prime factors of 40917?
3, 23, 593
List the prime factors of 5443.
5443
What are the prime factors of 1488?
2, 3, 31
What are the prime factors of 3763?
53, 71
What are the prime factors of 4583?
4583
What are the prime factors of 55340?
2, 5, 2767
What are the prime factors of 8088?
2, 3, 337
List the prime factors of 1132.
2, 283
List the prime factors of 24512.
2, 383
What are the prime factors of 244?
2, 61
What are the prime factors of 13017?
3, 4339
List the prime factors of 1902.
2, 3, 317
List the prime factors of 18929.
23, 823
List the prime factors of 21965.
5, 23, 191
What are the prime factors of 772?
2, 193
List the prime factors of 97053.
3, 11, 17, 173
List the prime factors of 14313.
3, 13, 367
What are the prime factors of 238?
2, 7, 17
List the prime factors of 159.
3, 53
List the prime factors of 460.
2, 5, 23
What are the prime factors of 19056?
2, 3, 397
List the prime factors of 445.
5, 89
List the prime factors of 28342.
2, 37, 383
What are the prime factors of 1371?
3, 457
List the prime factors of 7538.
2, 3769
List the prime factors of 59322.
2, 3, 9887
List the prime factors of 291.
3, 97
What are the prime factors of 40591?
40591
What are the prime factors of 6164?
2, 23, 67
List the prime factors of 2827.
11, 257
List the prime factors of 1634.
2, 19, 43
List the prime factors of 3045.
3, 5, 7, 29
What are the prime factors of 1789?
1789
List the prime factors of 1189.
29, 41
List the prime fac